 remainder when 62 is divided by z?
14
Suppose 4*v + 18 = 4*s - 70, 2*s - 20 = -4*v. Calculate the remainder when s is divided by 5.
3
Let k = 1 - 4. Let p be 2 - (-3)/(-1) - k. Suppose p*m + 16 = 4*m. What is the remainder when m is divided by 3?
2
Let c = -29 + 9. Let j = -7 - c. Let a(m) = 2*m**2 + 5*m - 1. Calculate the remainder when a(-5) is divided by j.
11
Let w(g) be the third derivative of -7*g**5/30 - g**3/6 + 3*g**2. Let l be w(-1). What is the remainder when 9 is divided by (-6)/9*l/2?
4
Suppose 0 = f - 7*f + 90. Calculate the remainder when f is divided by 8.
7
Suppose -2*i - 2*i = -12. Calculate the remainder when i is divided by (-198)/(-44)*(-2)/(-3).
0
What is the remainder when 29 is divided by (6/(-18))/((-1)/24)?
5
Suppose 3*u - 39 = 2*c - 5*c, 4*c - 62 = u. What is the remainder when c is divided by 8?
7
Let a(b) = b + 25. Suppose 4*z = z. Let n be (0 + z)/(-7 - -8). What is the remainder when a(n) is divided by 9?
7
Let l be 455/52 - (-1)/4. Suppose y - l = -z, 6*z - 3*z - 32 = 2*y. What is the remainder when 37 is divided by z?
7
Let r = 4 + 4. Suppose 3*c - 3*n - 36 = 0, n + r = -n. What is the remainder when 21 is divided by c?
5
Suppose -4*u = -4*y - 48, 5*u - 28 = -y + 2. Let g(l) = l + 14. Calculate the remainder when g(4) is divided by u.
4
Let r be (2 - 1) + 6*1. Suppose -2*f = -r*f + 75. What is the remainder when f is divided by ((-18)/(-4))/(2/4)?
6
Let q = 119 + -32. What is the remainder when q/12 + (-2)/8 is divided by 2?
1
Suppose -4*q + 3*v = q - 41, 3*q - 21 = 3*v. Suppose -q - 1 = -p. Calculate the remainder when 42 is divided by p.
9
Let k(v) = 5*v**2 + 6*v + 40. Let x(m) = m**2 + m + 1. Let j(g) = k(g) - 6*x(g). Suppose -a - 5*a - a = 0. Calculate the remainder when j(a) is divided by 18.
16
Let s be (-60)/(-9) - 1/(-3). Suppose -4*r + s = -13. What is the remainder when 19 is divided by r?
4
Let t(k) = k**2 + k + 12. Let n(m) = m - 3. What is the remainder when t(0) is divided by n(8)?
2
What is the remainder when 45 is divided by (-12)/21 + (-400)/(-14) - 4?
21
Let z(j) = j**3 - 17*j**2 + j - 5. Calculate the remainder when 34 is divided by z(17).
10
Let j(k) = -k**3 - k**2 + 3*k + 2. Suppose 3*q = -5*v - 34, 0*q + 19 = 2*q - 5*v. What is the remainder when 30 is divided by j(q)?
8
Let f = -63 + 145. Calculate the remainder when f is divided by 18.
10
Let n = 45 + -27. What is the remainder when n is divided by 12?
6
Calculate the remainder when 16 is divided by -5 + (1 - 0) - -10.
4
Suppose 2*s + 10 = 38. Let k(t) = -t + 120. Let q be k(0). Suppose 2*a = -a + q. Calculate the remainder when a is divided by s.
12
Let q(s) = s**3 + 2*s**2 - 4*s - 1. Let g be q(-3). Suppose -p - g*p + 21 = 0. Suppose -5*a - 35 = -135. What is the remainder when a is divided by p?
6
What is the remainder when 2/(-12) + (5290/(-12))/(-5) is divided by 18?
16
Let g(r) = -r**3 - 4*r**2 - 2*r + 5. Let p be (-9)/27 + (-11)/3. Calculate the remainder when g(p) is divided by 5.
3
Suppose 0*a - a = -53. Suppose -12 = -3*v + 42. Calculate the remainder when a is divided by v.
17
Let s(v) = -v**3 - 3*v**2 + 7*v + 1. Let t(o) = o**2 - 10*o - 5. Let z be t(10). Calculate the remainder when 46 is divided by s(z).
14
Let z = 4 + -12. Let i(l) be the third derivative of -l**6/120 - 2*l**5/15 - l**4/24 + 5*l**3/3 + 6*l**2. Calculate the remainder when 35 is divided by i(z).
17
Suppose -9*r + 15*r - 102 = 0. What is the remainder when 31 is divided by r?
14
Let k = 73 + -31. Calculate the remainder when k is divided by 23.
19
Suppose 0 = -5*b + 2*i + 16, -4*i = -3*b - 3*i + 9. Calculate the remainder when 16 + (b - 0 - 1) is divided by 6.
5
Let m(t) = -4*t - 30. What is the remainder when 49 is divided by m(-14)?
23
Suppose 3*f = -f + 8. Let n be f/8 + 60/16. What is the remainder when 5 is divided by (6 - n) + 0/(-1)?
1
Calculate the remainder when 61/2 - 27/18 is divided by 10.
9
Let a = -6 + 8. Suppose k = -a*w - 3*k + 176, -5*w + 5*k = -485. What is the remainder when w is divided by 32?
30
Let s(x) = -x + 7. Let c be s(-5). Let w be ((-12)/(-18))/(2/c). Suppose 32 = w*v + r, 3*r = -0*v - 3*v + 24. What is the remainder when v is divided by 3?
2
Let k = 117 + -85. Calculate the remainder when 60 is divided by k.
28
Let x(h) = 4*h**2 + h + 2. Suppose 5*g + 5 = -10. Let p = g + 34. What is the remainder when p is divided by x(-2)?
15
Suppose -6*r + 1034 = 5*r. What is the remainder when r is divided by 8?
6
Suppose -3*v = -3*c + 210, -3*c + 89 + 118 = -4*v. Let a = c - 42. What is the remainder when a is divided by 16?
15
Suppose 0 = 11*o - 13*o + 70. Calculate the remainder when 65 is divided by o.
30
Suppose -5*l - 5*r = -70, -l - r + 2*r + 18 = 0. Calculate the remainder when 60 is divided by l.
12
Suppose -2*v + 117 = -25. Calculate the remainder when v is divided by 19.
14
Suppose -d = 39 - 72. Calculate the remainder when 97 is divided by d.
31
Let i(r) be the third derivative of 11*r**5/20 - r**4/12 + r**3/6 + 2*r**2. Suppose 2 = -2*m + 24. What is the remainder when i(1) is divided by m?
10
Suppose 3*t + 6 = 0, t + 150 = 2*a + 10. Suppose -v + 11 = i, 73 = 5*v - 5*i + i. Suppose 4*q = a - v. What is the remainder when q is divided by 4?
2
Let l(p) = -p**3 - 4*p**2 + p - 5. Suppose -2*y = -4*y - 10. What is the remainder when l(y) is divided by 9?
6
Suppose 0 = 4*m - 8*m + 32. Let h be (3 + -15)*(-10)/m. Let t = -9 + h. Calculate the remainder when 21 is divided by t.
3
Calculate the remainder when 137 is divided by -3 + (2 - (-2 - 34)).
32
Suppose z - d - 31 = 0, -4*z - z - 5*d = -165. Calculate the remainder when 61 is divided by z.
29
Suppose 0 = d + 4*d - 55. Calculate the remainder when d is divided by 7.
4
Suppose 0 = 4*x + 15 + 21. Let i(v) = -4*v - 13. Calculate the remainder when 44 is divided by i(x).
21
Suppose 2*r - 1 - 3 = 0. Suppose m - 114 = r*m. Let l = m + 163. Calculate the remainder when l is divided by 17.
15
Suppose -6*l + 2*l + 33 = -5*j, 3*l = 4*j + 25. Let x(f) be the second derivative of f**3/2 + f**2/2 + f. Calculate the remainder when x(4) is divided by l.
6
Suppose 0 = 24*w + w - 625. What is the remainder when w is divided by 14?
11
Let v = -2 + 2. Let n = v + 12. Calculate the remainder when n is divided by 5.
2
Suppose g - 22 = 3*m, -g - 6 = g + 4*m. Let k = 24 + g. What is the remainder when k is divided by 16?
15
Suppose -n + 77 = k + 3*k, -16 = -2*k + 4*n. Calculate the remainder when 87 is divided by k.
15
Suppose 3*v - 692 = -l - l, 5*v = -5*l + 1150. Calculate the remainder when v is divided by 39.
37
Let m be (-2 + 1)/1*-5. Suppose -3*b + m = -169. Calculate the remainder when b is divided by 20.
18
Let k(l) be the second derivative of l**3/3 - 3*l**2/2 - 2*l. Let x be k(2). Calculate the remainder when (-6)/4*(x - 3) is divided by 2.
1
Suppose -8 = 4*z - 4. Let k(c) = 7*c**2 + 2*c + 1. Suppose 3*x - 16 = 2*i - 6*i, 4*i - 16 = -4*x. What is the remainder when k(z) is divided by i?
2
Let i(s) = -19*s**3 - s. Suppose -3 = 5*f - 5*r - 23, -5*f = 4*r + 25. Calculate the remainder when -59*(2 - 1)*-1 is divided by i(f).
19
Let y = 55 + -49. What is the remainder when 14 is divided by y?
2
Suppose 0 = -40*g + 22*g + 882. Suppose s - 5*r = -0*s + 32, 5*s - 4*r = 97. Calculate the remainder when g is divided by s.
15
Suppose 2*i = -3*i - 5*n + 75, i - 6 = 2*n. Calculate the remainder when 21 is divided by i.
9
Suppose -w = i + 4*w + 17, -2*i + 2*w = -2. Let k be i/(-1)*(-1 - -3). Let o = k - -11. Calculate the remainder when 29 is divided by o.
14
Let t(p) = -p**2 - 10*p + 6. Let a be ((7*-1)/(-1))/1. Suppose -3*n + a*n - c = 69, -4*n = c - 59. Calculate the remainder when n is divided by t(-10).
4
Suppose -3*v + 6 + 8 = u, -4*u + 136 = -4*v. What is the remainder when 83 is divided by u?
25
Suppose -9*d + 54 = -72. What is the remainder when 41 is divided by d?
13
Suppose 0 = -l - 5*r + 28, -l - l = 5*r - 46. Suppose -4*n = -p - n + l, -2*n = p - 43. Calculate the remainder when p is divided by 9.
6
Let w be (16/20)/(1/5). Suppose -8 = -w*a + 4. What is the remainder when a is divided by 3?
0
Suppose 0*v + 233 = 5*l + 2*v, -4*v - 4 = 0. Calculate the remainder when l is divided by 24.
23
Suppose -2*p + 1 + 13 = 0. Calculate the remainder when 18 is divided by p.
4
Let m = -55 - -75. What is 